er when q is divided by 18.
8
Let m(n) = 56*n**2 - 1. Let d(v) = -14*v**2 + 730*v - 76. What is the remainder when m(1) is divided by d(52)?
27
Suppose -2*f = 13 - 119. Let o(n) = 3*n + 24. What is the remainder when f is divided by o(-6)?
5
Let d(o) = o**3 + 6*o**2. Let k be d(-6). Suppose k*y + y = 35. What is the remainder when y is divided by 12?
11
Suppose 3*p - 23 = -4*l, -2*p = 3*l - 5*p - 12. Suppose -c = 5*h - 8, l*c + 0*c = h + 40. Let r = -17 - -30. Calculate the remainder when r is divided by c.
5
Let c = 10 - 6. Suppose 2*u + 97 = 6*u + s, 44 = 2*u - c*s. Suppose -14 = 4*h + 6, -2*h = -q + u. What is the remainder when q is divided by 4?
2
Suppose -8*y - 825 = -19*y. What is the remainder when 163 is divided by y?
13
Let v(n) = 3*n**2 + 12*n + 1. Let f be v(-4). Calculate the remainder when 79 is divided by (1 + 8)*(f/(-1) - -4).
25
Let h(d) = -d**2 + 48*d + 64. What is the remainder when 109/4 + (-3)/12 is divided by h(49)?
12
Suppose -7*t = 3*t - 180. Let h(l) = -7*l - 1. Let n be h(-2). Suppose -n*o + t = -10*o. Calculate the remainder when 9 is divided by o.
3
Calculate the remainder when (-2)/(-6 + (-1410)/(-237))*2 is divided by 41 - 0/(4 - 2).
38
Let a be (13 - 5) + -3 + 1 + -1. Suppose 3*c - 9 - 54 = 5*k, 127 = a*c - k. What is the remainder when 155 is divided by c?
25
Suppose -2*r = -6, -2*b - 5*r - 26 = -3*r. Let i = -19 - b. Let d = 17 + i. Calculate the remainder when d is divided by 5.
4
Let a(u) = -u**3 - 6*u**2 + 6*u + 41. What is the remainder when 94 is divided by a(-7)?
46
Let u(w) = 5*w**3 - w**2 + w - 1. Let n be u(1). Calculate the remainder when 106 is divided by n/(-6)*1296/(-32).
25
Let c(w) = w**2 - w - 6. Let h = -4 - -9. What is the remainder when c(h) is divided by 3 + (-21)/(-9) + 1/(-3)?
4
Suppose 5*b - 13 = 4*m, -b - 9 = -5*m + 1. Suppose 2 = m*a - 37. Calculate the remainder when 21 is divided by a.
8
Let p = -9 + 9. Let h be 0 + p + (8 - -4). Let w = 14 - h. What is the remainder when 3 is divided by w?
1
Let u = 33 + -29. Suppose n - b - u = 0, n = 3*b - 0*b + 8. What is the remainder when n is divided by 2?
0
Suppose 0*z + 5*z - 175 = 3*x, -4*x + 44 = 2*z. Let l be (246/8)/(12/z). Let m = l + -58. What is the remainder when 94 is divided by m?
22
Calculate the remainder when 318 is divided by 1/(-5) + (-15)/((-675)/4824).
104
Suppose -3*q + 92 = -q. Suppose 5*w + 11 = q. Let f(t) = -6*t - 4. Calculate the remainder when f(-5) is divided by w.
5
Let v(a) = -8*a + 2. Let o be v(4). Let z = 36 + o. Calculate the remainder when 27 is divided by z.
3
Suppose 3*r - 5*o - 11 = 0, 154*o - 156*o = -4*r + 24. What is the remainder when 10 is divided by r?
3
Suppose 12*a - 2 = 34. Let u be 2/5 + 27/(-5). What is the remainder when 4/u*(-30)/4 is divided by a?
0
Let b = -380 - -441. Calculate the remainder when b is divided by 41.
20
Suppose 30 = -5*p - 4*w + 7*w, -4*w + 30 = -5*p. Let v(j) = 3*j**2 + 14*j - 3. What is the remainder when 42 is divided by v(p)?
0
Let a(j) = 8*j**2 + 21*j - 1. What is the remainder when 31 is divided by a(-3)?
7
Suppose -37 = 4*y + 11. Let j be (25/20)/((-3)/y). Suppose j*u - 458 = -4*k, -3*u + 125 = k - 7*u. What is the remainder when k is divided by 30?
27
Suppose -12*a + 13*a - 118 = -5*i, 0 = -a + 3*i + 142. What is the remainder when a is divided by 36?
25
Suppose 21*u + 108 = 18*u. Let z = u - -47. What is the remainder when z is divided by 4?
3
Let t(r) = -r**2 + 33*r + 793. Calculate the remainder when 153 is divided by t(48).
7
Let h = -25 - -36. Suppose -h*y + 13*y = 246. Calculate the remainder when y is divided by 25.
23
Suppose 2*f + 222 = -h + 3*h, 0 = 5*h + 5*f - 605. What is the remainder when h is divided by 21?
11
Let q(m) = m**2 + 17*m - 11. Let k be 1/(-4) - (-21)/(-12). What is the remainder when q(-18) is divided by ((-21)/(-2))/(-7)*k?
1
Suppose d = x - 4, -2*x = -5*d - 19 + 5. Calculate the remainder when 42 is divided by 3/((6/(-11))/d).
9
Suppose 657 = 15*f - 1083. Calculate the remainder when f is divided by 18.
8
Suppose 2*v - 3 = 1. Suppose -4*c = 2*w - 120, -3*c + 95 = v*w + 2*w. What is the remainder when c is divided by 5?
4
Let g(l) = 3*l**2 - 5*l + l**3 - 135 + 125 + l**2 + l. Calculate the remainder when 8 is divided by g(-4).
2
Suppose 2*j - 3 = -4*d + 3, 3*j - 3*d = 54. Let s = j + 1. Calculate the remainder when 41 is divided by s.
13
Let l = 76 - 0. Suppose 0 = 324*q - 323*q - 16. What is the remainder when l is divided by q?
12
Suppose -o + 118 - 43 = 5*i, 3*o = 5*i + 325. Calculate the remainder when o is divided by 97.
3
Let v = 10 + 13. Calculate the remainder when 107 is divided by v.
15
Suppose -17*l + 773 + 944 = 0. What is the remainder when l is divided by 51?
50
Let c(p) = 8*p + 15. Suppose -18 = -0*f - 6*f. Suppose 2*x - n - 2*n = 25, 4*x - 2*n - 70 = 0. What is the remainder when c(f) is divided by x?
19
Let n be (-6*530/75)/((-4)/50). Suppose -8*k + n = -3*k. Suppose 2*b - 4*o = o + 29, b - 3*o = 12. Calculate the remainder when k is divided by b.
25
Suppose -2*p + 5*u + 64 = p, -u = -5*p + 70. Let l(m) = m**3 + m**2 + 147. Let c be l(0). Suppose -4*q = -q - c. Calculate the remainder when q is divided by p.
10
Let s(m) = 10*m**2 + 2. Suppose 2*j + 61 - 5 = 0. Calculate the remainder when s(-2) is divided by (-6 - j) + -1 + 1.
20
Suppose -38 = -2*o - 4*f, -10 = -f - 12. Calculate the remainder when o is divided by 9.
5
Let v(j) = j**2 + 25. Let f(g) = g**3 - 4*g**2 + 5*g - 2. Let u be f(2). Calculate the remainder when v(u) is divided by 16.
9
Suppose -4*r + 2*g + 2 = 12, -4*g + 20 = -5*r. Suppose r = -3*q + q + 8. Let a = -33 + 46. What is the remainder when a is divided by q?
1
Let n = 17 - 12. Let r(s) = -14*s + 3. Let c be r(-6). Suppose -v = 2*g - 45, 4*g = -v - 2*v + c. Calculate the remainder when g is divided by n.
4
What is the remainder when 78 is divided by (168/(2 - -1))/(22/11)?
22
Let z(p) = 6*p**3 - 4*p**2 + 4*p - 3. Let f(c) = -15*c**3 - c**2 - c - 1. Calculate the remainder when z(2) is divided by f(-1).
9
Let l = -226 - -269. Suppose -5*r - p - 225 = 0, -4*r + 97 - 276 = p. Let c = -31 - r. What is the remainder when l is divided by c?
13
Let n = 5 - 9. Let r(t) = -2*t - 6. Let p be r(n). Suppose 0 = -v - p*v + 87. Calculate the remainder when v is divided by 15.
14
Suppose -707 = -13*z - 44. Calculate the remainder when 105 is divided by z.
3
Let t = 111 - 81. What is the remainder when t is divided by 7?
2
Let o = 314 + -288. Calculate the remainder when 128 is divided by o.
24
Let p(c) = c**3 + 11*c**2 - 21*c - 103. Calculate the remainder when 746 is divided by p(-12).
1
Let i be (-5)/(-30)*9*8/3. Calculate the remainder when 67 is divided by i + (27/3 - -4).
16
Suppose 3*a - 6*a + 126 = 0. Suppose -4*o = -u - 15 - 13, 5*o - 32 = 2*u. What is the remainder when a is divided by o?
2
Calculate the remainder when 7 + 85 - (-2 - 9) is divided by 21.
19
Let b(s) = s**3 + 6*s**2 + s - 3. Calculate the remainder when ((-5)/(-3) - 7)*-6 is divided by b(-5).
15
Let i be (1 + 0)/(18/(-774)). Let h = -25 - i. What is the remainder when h is divided by 7?
4
Suppose 1309 = -24*y + 101*y. What is the remainder when 423 is divided by y?
15
Suppose 5 = 2*f + 3*f + 4*w, 2*f = -4*w + 2. Let y be 0/(f - (-8)/(-4)). Suppose s - 70 = -y*s. What is the remainder when s is divided by 18?
16
Suppose -98 = 12*b - 290. Calculate the remainder when b is divided by 2.
0
Let z = 9 - 12. What is the remainder when 2/5 - (z + (-1636)/10) is divided by 34?
31
Let z(f) = 111*f**2 + 7*f - 6. Let s be z(1). Suppose -t = -5*t + s. What is the remainder when t is divided by 6?
4
Suppose -14*m - 8*m = -286. What is the remainder when 18 is divided by m?
5
Let o = -103 + 23. Let n = o + 147. Let i = n + -30. What is the remainder when i is divided by 10?
7
Suppose -4*v = -307 - 81. Suppose 2*x - v + 21 = 0. Calculate the remainder when x is divided by 10.
8
Suppose 5761 = 7*a + 2660. What is the remainder when a is divided by 75?
68
Let n be (-1)/(0 - (-2)/18). Let y(s) = s**2 + 5*s - 7. Calculate the remainder when y(n) is divided by (3/2)/((-12)/(-64)).
5
Let j(n) = -6*n + 28*n**3 + 1 - 3*n**2 + 7*n + 0*n. Calculate the remainder when j(1) is divided by (-2)/(-2) + (-2 - -11).
7
Suppose 0 = 7*w - 4259 - 144. What is the remainder when